{"id":42,"date":"2022-11-16T10:17:07","date_gmt":"2022-11-16T10:17:07","guid":{"rendered":"http:\/\/veranstaltungstechnikwaldegger.de\/?page_id=42"},"modified":"2025-07-04T08:50:12","modified_gmt":"2025-07-04T08:50:12","slug":"zu-vermieten","status":"publish","type":"page","link":"http:\/\/veranstaltungstechnikwaldegger.de\/?page_id=42","title":{"rendered":"Zu Vermieten"},"content":{"rendered":"\n<p class=\"has-luminous-vivid-amber-color has-text-color has-large-font-size\">Vermietartikel:<\/p>\n\n\n\n<p>Folgende Artikel k\u00f6nnen Sie g\u00fcnstig bei uns anmieten.<\/p>\n\n\n\n<p>Gerne unterbreiten wir Ihnen ein individuelles Angebot.<\/p>\n\n\n\n<p>Nutzen Sie unseren Kontakt f\u00fcr Anfragen.&nbsp;<\/p>\n\n\n\n<div class=\"wp-block-media-text alignwide is-stacked-on-mobile\" style=\"grid-template-columns:15% auto\"><figure class=\"wp-block-media-text__media\"><a href=\"http:\/\/veranstaltungstechnikwaldegger.de\/?page_id=86\" target=\"_blank\" rel=\"noreferrer noopener\"><img loading=\"lazy\" decoding=\"async\" width=\"400\" height=\"400\" src=\"http:\/\/veranstaltungstechnikwaldegger.de\/wp-content\/uploads\/2023\/03\/Mischpult.jpg\" alt=\"\" class=\"wp-image-67 size-full\" srcset=\"http:\/\/veranstaltungstechnikwaldegger.de\/wp-content\/uploads\/2023\/03\/Mischpult.jpg 400w, http:\/\/veranstaltungstechnikwaldegger.de\/wp-content\/uploads\/2023\/03\/Mischpult-300x300.jpg 300w, http:\/\/veranstaltungstechnikwaldegger.de\/wp-content\/uploads\/2023\/03\/Mischpult-150x150.jpg 150w\" sizes=\"auto, (max-width: 400px) 100vw, 400px\" \/><\/a><\/figure><div class=\"wp-block-media-text__content\">\n<p><a href=\"http:\/\/veranstaltungstechnikwaldegger.de\/?page_id=86\" data-type=\"page\" data-id=\"86\" target=\"_blank\" rel=\"noreferrer noopener\">Mischpulte<\/a><\/p>\n<\/div><\/div>\n\n\n\n<div class=\"wp-block-media-text alignwide is-stacked-on-mobile\" style=\"grid-template-columns:15% auto\"><figure class=\"wp-block-media-text__media\"><a href=\"http:\/\/veranstaltungstechnikwaldegger.de\/?page_id=93\" target=\"_blank\" rel=\"noreferrer noopener\"><img loading=\"lazy\" decoding=\"async\" width=\"400\" height=\"400\" src=\"http:\/\/veranstaltungstechnikwaldegger.de\/wp-content\/uploads\/2023\/03\/Mic-Bild.jpg\" alt=\"\" class=\"wp-image-68 size-full\" srcset=\"http:\/\/veranstaltungstechnikwaldegger.de\/wp-content\/uploads\/2023\/03\/Mic-Bild.jpg 400w, http:\/\/veranstaltungstechnikwaldegger.de\/wp-content\/uploads\/2023\/03\/Mic-Bild-300x300.jpg 300w, http:\/\/veranstaltungstechnikwaldegger.de\/wp-content\/uploads\/2023\/03\/Mic-Bild-150x150.jpg 150w\" sizes=\"auto, (max-width: 400px) 100vw, 400px\" \/><\/a><\/figure><div class=\"wp-block-media-text__content\">\n<p><a href=\"http:\/\/veranstaltungstechnikwaldegger.de\/?page_id=93\" data-type=\"page\" data-id=\"93\" target=\"_blank\" rel=\"noreferrer noopener\">Mikrofonie<\/a><\/p>\n<\/div><\/div>\n\n\n\n<div class=\"wp-block-media-text alignwide is-stacked-on-mobile\" style=\"grid-template-columns:15% auto\"><figure class=\"wp-block-media-text__media\"><a href=\"http:\/\/veranstaltungstechnikwaldegger.de\/?page_id=97\" target=\"_blank\" rel=\"noreferrer noopener\"><img loading=\"lazy\" decoding=\"async\" width=\"400\" height=\"400\" src=\"http:\/\/veranstaltungstechnikwaldegger.de\/wp-content\/uploads\/2023\/03\/Website-flo-verleih-Monitor.jpg\" alt=\"\" class=\"wp-image-70 size-full\" srcset=\"http:\/\/veranstaltungstechnikwaldegger.de\/wp-content\/uploads\/2023\/03\/Website-flo-verleih-Monitor.jpg 400w, http:\/\/veranstaltungstechnikwaldegger.de\/wp-content\/uploads\/2023\/03\/Website-flo-verleih-Monitor-300x300.jpg 300w, http:\/\/veranstaltungstechnikwaldegger.de\/wp-content\/uploads\/2023\/03\/Website-flo-verleih-Monitor-150x150.jpg 150w\" sizes=\"auto, (max-width: 400px) 100vw, 400px\" \/><\/a><\/figure><div class=\"wp-block-media-text__content\">\n<p><a href=\"http:\/\/veranstaltungstechnikwaldegger.de\/?page_id=97\" data-type=\"page\" data-id=\"97\" target=\"_blank\" rel=\"noreferrer noopener\">Monitoring<\/a><\/p>\n<\/div><\/div>\n\n\n\n<div class=\"wp-block-media-text alignwide is-stacked-on-mobile\" style=\"grid-template-columns:15% auto\"><figure class=\"wp-block-media-text__media\"><a href=\"http:\/\/veranstaltungstechnikwaldegger.de\/?page_id=100\" target=\"_blank\" rel=\"noreferrer noopener\"><img loading=\"lazy\" decoding=\"async\" width=\"400\" height=\"400\" src=\"http:\/\/veranstaltungstechnikwaldegger.de\/wp-content\/uploads\/2023\/03\/Website-flo-verleih-kabel.jpg\" alt=\"\" class=\"wp-image-72 size-full\" srcset=\"http:\/\/veranstaltungstechnikwaldegger.de\/wp-content\/uploads\/2023\/03\/Website-flo-verleih-kabel.jpg 400w, http:\/\/veranstaltungstechnikwaldegger.de\/wp-content\/uploads\/2023\/03\/Website-flo-verleih-kabel-300x300.jpg 300w, http:\/\/veranstaltungstechnikwaldegger.de\/wp-content\/uploads\/2023\/03\/Website-flo-verleih-kabel-150x150.jpg 150w\" sizes=\"auto, (max-width: 400px) 100vw, 400px\" \/><\/a><\/figure><div class=\"wp-block-media-text__content\">\n<p><a href=\"http:\/\/veranstaltungstechnikwaldegger.de\/?page_id=100\" data-type=\"page\" data-id=\"100\" target=\"_blank\" rel=\"noreferrer noopener\">Kabel <\/a><\/p>\n<\/div><\/div>\n\n\n\n<div class=\"wp-block-media-text alignwide is-stacked-on-mobile\" style=\"grid-template-columns:15% auto\"><figure class=\"wp-block-media-text__media\"><a href=\"http:\/\/veranstaltungstechnikwaldegger.de\/?page_id=104\" target=\"_blank\" rel=\"noreferrer noopener\"><img loading=\"lazy\" decoding=\"async\" width=\"400\" height=\"400\" src=\"http:\/\/veranstaltungstechnikwaldegger.de\/wp-content\/uploads\/2023\/03\/Website-flo-verleih-bild-Instrumente.jpg\" alt=\"\" class=\"wp-image-73 size-full\" srcset=\"http:\/\/veranstaltungstechnikwaldegger.de\/wp-content\/uploads\/2023\/03\/Website-flo-verleih-bild-Instrumente.jpg 400w, http:\/\/veranstaltungstechnikwaldegger.de\/wp-content\/uploads\/2023\/03\/Website-flo-verleih-bild-Instrumente-300x300.jpg 300w, http:\/\/veranstaltungstechnikwaldegger.de\/wp-content\/uploads\/2023\/03\/Website-flo-verleih-bild-Instrumente-150x150.jpg 150w\" sizes=\"auto, (max-width: 400px) 100vw, 400px\" \/><\/a><\/figure><div class=\"wp-block-media-text__content\">\n<p><a href=\"http:\/\/veranstaltungstechnikwaldegger.de\/?page_id=104\" data-type=\"page\" data-id=\"104\" target=\"_blank\" rel=\"noreferrer noopener\">Instrumente<\/a><\/p>\n<\/div><\/div>\n\n\n\n<div class=\"wp-block-media-text alignwide is-stacked-on-mobile\" style=\"grid-template-columns:15% auto\"><figure class=\"wp-block-media-text__media\"><a href=\"http:\/\/veranstaltungstechnikwaldegger.de\/?page_id=107\" target=\"_blank\" rel=\"noreferrer noopener\"><img loading=\"lazy\" decoding=\"async\" width=\"400\" height=\"400\" src=\"http:\/\/veranstaltungstechnikwaldegger.de\/wp-content\/uploads\/2023\/03\/Effekte.jpg\" alt=\"\" class=\"wp-image-81 size-full\" srcset=\"http:\/\/veranstaltungstechnikwaldegger.de\/wp-content\/uploads\/2023\/03\/Effekte.jpg 400w, http:\/\/veranstaltungstechnikwaldegger.de\/wp-content\/uploads\/2023\/03\/Effekte-300x300.jpg 300w, http:\/\/veranstaltungstechnikwaldegger.de\/wp-content\/uploads\/2023\/03\/Effekte-150x150.jpg 150w\" sizes=\"auto, (max-width: 400px) 100vw, 400px\" \/><\/a><\/figure><div class=\"wp-block-media-text__content\">\n<p><a href=\"http:\/\/veranstaltungstechnikwaldegger.de\/?page_id=107\" data-type=\"page\" data-id=\"107\" target=\"_blank\" rel=\"noreferrer noopener\">Licht &amp; Effekte<\/a><\/p>\n<\/div><\/div>\n\n\n\n<div class=\"wp-block-media-text alignwide is-stacked-on-mobile\" style=\"grid-template-columns:15% auto\"><figure class=\"wp-block-media-text__media\"><a href=\"http:\/\/veranstaltungstechnikwaldegger.de\/?page_id=110\" target=\"_blank\" rel=\"noreferrer noopener\"><img loading=\"lazy\" decoding=\"async\" width=\"400\" height=\"400\" src=\"http:\/\/veranstaltungstechnikwaldegger.de\/wp-content\/uploads\/2023\/03\/Stative.jpg\" alt=\"\" class=\"wp-image-83 size-full\" srcset=\"http:\/\/veranstaltungstechnikwaldegger.de\/wp-content\/uploads\/2023\/03\/Stative.jpg 400w, http:\/\/veranstaltungstechnikwaldegger.de\/wp-content\/uploads\/2023\/03\/Stative-300x300.jpg 300w, http:\/\/veranstaltungstechnikwaldegger.de\/wp-content\/uploads\/2023\/03\/Stative-150x150.jpg 150w\" sizes=\"auto, (max-width: 400px) 100vw, 400px\" \/><\/a><\/figure><div class=\"wp-block-media-text__content\">\n<p><a href=\"http:\/\/veranstaltungstechnikwaldegger.de\/?page_id=110\" data-type=\"page\" data-id=\"110\" target=\"_blank\" rel=\"noreferrer noopener\">St\u00e4nderwerk<\/a><\/p>\n<\/div><\/div>\n","protected":false},"excerpt":{"rendered":"<p>Vermietartikel: Folgende Artikel k\u00f6nnen Sie g\u00fcnstig bei uns anmieten. Gerne unterbreiten wir Ihnen ein individuelles Angebot. Nutzen Sie unseren Kontakt f\u00fcr Anfragen.&nbsp; Mischpulte Mikrofonie Monitoring Kabel Instrumente Licht &amp; Effekte St\u00e4nderwerk<\/p>\n","protected":false},"author":1,"featured_media":0,"parent":0,"menu_order":0,"comment_status":"closed","ping_status":"closed","template":"","meta":{"footnotes":""},"class_list":["post-42","page","type-page","status-publish","hentry"],"_links":{"self":[{"href":"http:\/\/veranstaltungstechnikwaldegger.de\/index.php?rest_route=\/wp\/v2\/pages\/42","targetHints":{"allow":["GET"]}}],"collection":[{"href":"http:\/\/veranstaltungstechnikwaldegger.de\/index.php?rest_route=\/wp\/v2\/pages"}],"about":[{"href":"http:\/\/veranstaltungstechnikwaldegger.de\/index.php?rest_route=\/wp\/v2\/types\/page"}],"author":[{"embeddable":true,"href":"http:\/\/veranstaltungstechnikwaldegger.de\/index.php?rest_route=\/wp\/v2\/users\/1"}],"replies":[{"embeddable":true,"href":"http:\/\/veranstaltungstechnikwaldegger.de\/index.php?rest_route=%2Fwp%2Fv2%2Fcomments&post=42"}],"version-history":[{"count":18,"href":"http:\/\/veranstaltungstechnikwaldegger.de\/index.php?rest_route=\/wp\/v2\/pages\/42\/revisions"}],"predecessor-version":[{"id":155,"href":"http:\/\/veranstaltungstechnikwaldegger.de\/index.php?rest_route=\/wp\/v2\/pages\/42\/revisions\/155"}],"wp:attachment":[{"href":"http:\/\/veranstaltungstechnikwaldegger.de\/index.php?rest_route=%2Fwp%2Fv2%2Fmedia&parent=42"}],"curies":[{"name":"wp","href":"https:\/\/api.w.org\/{rel}","templated":true}]}}

<p class="has-luminous-vivid-amber-color has-text-color has-large-font-size">Vermietartikel:</p>



<p>Folgende Artikel können Sie günstig bei uns anmieten.</p>



<p>Gerne unterbreiten wir Ihnen ein individuelles Angebot.</p>



<p>Nutzen Sie unseren Kontakt für Anfragen.&nbsp;</p>



<div class="wp-block-media-text alignwide is-stacked-on-mobile" style="grid-template-columns:15% auto"><figure class="wp-block-media-text__media"><a href="http://veranstaltungstechnikwaldegger.de/?page_id=86" target="_blank" rel="noreferrer noopener"><img loading="lazy" decoding="async" width="400" height="400" src="http://veranstaltungstechnikwaldegger.de/wp-content/uploads/2023/03/Mischpult.jpg" alt="" class="wp-image-67 size-full" srcset="http://veranstaltungstechnikwaldegger.de/wp-content/uploads/2023/03/Mischpult.jpg 400w, http://veranstaltungstechnikwaldegger.de/wp-content/uploads/2023/03/Mischpult-300x300.jpg 300w, http://veranstaltungstechnikwaldegger.de/wp-content/uploads/2023/03/Mischpult-150x150.jpg 150w" sizes="auto, (max-width: 400px) 100vw, 400px" /></a></figure><div class="wp-block-media-text__content">
<p><a href="http://veranstaltungstechnikwaldegger.de/?page_id=86" data-type="page" data-id="86" target="_blank" rel="noreferrer noopener">Mischpulte</a></p>
</div></div>



<div class="wp-block-media-text alignwide is-stacked-on-mobile" style="grid-template-columns:15% auto"><figure class="wp-block-media-text__media"><a href="http://veranstaltungstechnikwaldegger.de/?page_id=93" target="_blank" rel="noreferrer noopener"><img loading="lazy" decoding="async" width="400" height="400" src="http://veranstaltungstechnikwaldegger.de/wp-content/uploads/2023/03/Mic-Bild.jpg" alt="" class="wp-image-68 size-full" srcset="http://veranstaltungstechnikwaldegger.de/wp-content/uploads/2023/03/Mic-Bild.jpg 400w, http://veranstaltungstechnikwaldegger.de/wp-content/uploads/2023/03/Mic-Bild-300x300.jpg 300w, http://veranstaltungstechnikwaldegger.de/wp-content/uploads/2023/03/Mic-Bild-150x150.jpg 150w" sizes="auto, (max-width: 400px) 100vw, 400px" /></a></figure><div class="wp-block-media-text__content">
<p><a href="http://veranstaltungstechnikwaldegger.de/?page_id=93" data-type="page" data-id="93" target="_blank" rel="noreferrer noopener">Mikrofonie</a></p>
</div></div>



<div class="wp-block-media-text alignwide is-stacked-on-mobile" style="grid-template-columns:15% auto"><figure class="wp-block-media-text__media"><a href="http://veranstaltungstechnikwaldegger.de/?page_id=97" target="_blank" rel="noreferrer noopener"><img loading="lazy" decoding="async" width="400" height="400" src="http://veranstaltungstechnikwaldegger.de/wp-content/uploads/2023/03/Website-flo-verleih-Monitor.jpg" alt="" class="wp-image-70 size-full" srcset="http://veranstaltungstechnikwaldegger.de/wp-content/uploads/2023/03/Website-flo-verleih-Monitor.jpg 400w, http://veranstaltungstechnikwaldegger.de/wp-content/uploads/2023/03/Website-flo-verleih-Monitor-300x300.jpg 300w, http://veranstaltungstechnikwaldegger.de/wp-content/uploads/2023/03/Website-flo-verleih-Monitor-150x150.jpg 150w" sizes="auto, (max-width: 400px) 100vw, 400px" /></a></figure><div class="wp-block-media-text__content">
<p><a href="http://veranstaltungstechnikwaldegger.de/?page_id=97" data-type="page" data-id="97" target="_blank" rel="noreferrer noopener">Monitoring</a></p>
</div></div>



<div class="wp-block-media-text alignwide is-stacked-on-mobile" style="grid-template-columns:15% auto"><figure class="wp-block-media-text__media"><a href="http://veranstaltungstechnikwaldegger.de/?page_id=100" target="_blank" rel="noreferrer noopener"><img loading="lazy" decoding="async" width="400" height="400" src="http://veranstaltungstechnikwaldegger.de/wp-content/uploads/2023/03/Website-flo-verleih-kabel.jpg" alt="" class="wp-image-72 size-full" srcset="http://veranstaltungstechnikwaldegger.de/wp-content/uploads/2023/03/Website-flo-verleih-kabel.jpg 400w, http://veranstaltungstechnikwaldegger.de/wp-content/uploads/2023/03/Website-flo-verleih-kabel-300x300.jpg 300w, http://veranstaltungstechnikwaldegger.de/wp-content/uploads/2023/03/Website-flo-verleih-kabel-150x150.jpg 150w" sizes="auto, (max-width: 400px) 100vw, 400px" /></a></figure><div class="wp-block-media-text__content">
<p><a href="http://veranstaltungstechnikwaldegger.de/?page_id=100" data-type="page" data-id="100" target="_blank" rel="noreferrer noopener">Kabel </a></p>
</div></div>



<div class="wp-block-media-text alignwide is-stacked-on-mobile" style="grid-template-columns:15% auto"><figure class="wp-block-media-text__media"><a href="http://veranstaltungstechnikwaldegger.de/?page_id=104" target="_blank" rel="noreferrer noopener"><img loading="lazy" decoding="async" width="400" height="400" src="http://veranstaltungstechnikwaldegger.de/wp-content/uploads/2023/03/Website-flo-verleih-bild-Instrumente.jpg" alt="" class="wp-image-73 size-full" srcset="http://veranstaltungstechnikwaldegger.de/wp-content/uploads/2023/03/Website-flo-verleih-bild-Instrumente.jpg 400w, http://veranstaltungstechnikwaldegger.de/wp-content/uploads/2023/03/Website-flo-verleih-bild-Instrumente-300x300.jpg 300w, http://veranstaltungstechnikwaldegger.de/wp-content/uploads/2023/03/Website-flo-verleih-bild-Instrumente-150x150.jpg 150w" sizes="auto, (max-width: 400px) 100vw, 400px" /></a></figure><div class="wp-block-media-text__content">
<p><a href="http://veranstaltungstechnikwaldegger.de/?page_id=104" data-type="page" data-id="104" target="_blank" rel="noreferrer noopener">Instrumente</a></p>
</div></div>



<div class="wp-block-media-text alignwide is-stacked-on-mobile" style="grid-template-columns:15% auto"><figure class="wp-block-media-text__media"><a href="http://veranstaltungstechnikwaldegger.de/?page_id=107" target="_blank" rel="noreferrer noopener"><img loading="lazy" decoding="async" width="400" height="400" src="http://veranstaltungstechnikwaldegger.de/wp-content/uploads/2023/03/Effekte.jpg" alt="" class="wp-image-81 size-full" srcset="http://veranstaltungstechnikwaldegger.de/wp-content/uploads/2023/03/Effekte.jpg 400w, http://veranstaltungstechnikwaldegger.de/wp-content/uploads/2023/03/Effekte-300x300.jpg 300w, http://veranstaltungstechnikwaldegger.de/wp-content/uploads/2023/03/Effekte-150x150.jpg 150w" sizes="auto, (max-width: 400px) 100vw, 400px" /></a></figure><div class="wp-block-media-text__content">
<p><a href="http://veranstaltungstechnikwaldegger.de/?page_id=107" data-type="page" data-id="107" target="_blank" rel="noreferrer noopener">Licht &amp; Effekte</a></p>
</div></div>



<div class="wp-block-media-text alignwide is-stacked-on-mobile" style="grid-template-columns:15% auto"><figure class="wp-block-media-text__media"><a href="http://veranstaltungstechnikwaldegger.de/?page_id=110" target="_blank" rel="noreferrer noopener"><img loading="lazy" decoding="async" width="400" height="400" src="http://veranstaltungstechnikwaldegger.de/wp-content/uploads/2023/03/Stative.jpg" alt="" class="wp-image-83 size-full" srcset="http://veranstaltungstechnikwaldegger.de/wp-content/uploads/2023/03/Stative.jpg 400w, http://veranstaltungstechnikwaldegger.de/wp-content/uploads/2023/03/Stative-300x300.jpg 300w, http://veranstaltungstechnikwaldegger.de/wp-content/uploads/2023/03/Stative-150x150.jpg 150w" sizes="auto, (max-width: 400px) 100vw, 400px" /></a></figure><div class="wp-block-media-text__content">
<p><a href="http://veranstaltungstechnikwaldegger.de/?page_id=110" data-type="page" data-id="110" target="_blank" rel="noreferrer noopener">Ständerwerk</a></p>
</div></div>

<p>Vermietartikel: Folgende Artikel können Sie günstig bei uns anmieten. Gerne unterbreiten wir Ihnen ein individuelles Angebot. Nutzen Sie unseren Kontakt für Anfragen.&nbsp; Mischpulte Mikrofonie Monitoring Kabel Instrumente Licht &amp; Effekte Ständerwerk</p>
